e prime factors of f.
2, 31
Let k = -174 + 176. Let w(l) = 49*l**3 - l**2 + 5*l - 6. List the prime factors of w(k).
2, 7
Let m(y) = 90*y**2 - 13*y + 29. Let c be m(6). Let o = c + -2153. Suppose -2*h - o = -4*s, -6*s + h = -7*s + 261. What are the prime factors of s?
2, 5, 13
Let g(y) be the second derivative of y**4/12 + y**3/2 + 3*y**2 + 8*y. Let b be g(-6). Suppose 4 + 2 = x + 3*k, -k = -4*x + b. List the prime factors of x.
2, 3
Suppose 16 = -18*h + 22*h, -3*v = -2*h - 164212. List the prime factors of v.
2, 5, 7, 17, 23
Let d = 36 + -31. Let r(o) = o - d*o + 1 + 0*o - o. List the prime factors of r(-2).
11
Let k = 1678 - -5724. What are the prime factors of k?
2, 3701
Let a = 12162 - -13484. What are the prime factors of a?
2, 12823
Let m = -57281 - -83343. What are the prime factors of m?
2, 83, 157
Let w = 268 + -261. Suppose w*y - 2*t - 791 = 2*y, 4*t = -5*y + 773. What are the prime factors of y?
157
Let z(q) = q**3 + q**2 + 6*q + 1. Let d(p) = p**3 - 1. Let y(a) = -2*d(a) + z(a). Let u be y(-2). Suppose -u*n + 142 = -122. List the prime factors of n.
2, 11
Let k be (-76)/(-38) + 1 + (-1 - -2). Suppose -4*y + 996 = -k*t - 0*t, t - 1263 = -5*y. What are the prime factors of y?
2, 3, 7
Let j = -6448 - -12622. What are the prime factors of j?
2, 3, 7
Let n be (0 - -3)/((-4)/(-4*1)). Suppose -n*z - 2*f = -102, -3*z - f = -45 - 60. List the prime factors of z.
2, 3
Let f be ((-8)/24)/(2/(-42) - 0). Suppose -f*x + 25*x - 6498 = 0. List the prime factors of x.
19
Suppose 2336 = r + 570. Let z = 2938 - r. List the prime factors of z.
2, 293
Let r(a) = 30*a**2 - 7*a - 20. Let m be r(-3). Suppose 3*t = n - 2*t - m, 3*n = t + 827. List the prime factors of n.
2, 3, 23
Suppose -178*h + 238*h + 260*h = 6512640. What are the prime factors of h?
2, 3, 53
Let u = 9721 - 6842. What are the prime factors of u?
2879
Let g be (-1 - 2) + (-317)/(-1) + 2. Let y = -170 + g. List the prime factors of y.
2, 73
Let a = 35452 - 20942. What are the prime factors of a?
2, 5, 1451
Let b be (33 - 41) + (-24)/(-2). Suppose -20 = -4*q - 3*g - g, 2*g = 6. Suppose -148 = -b*a + q*a. List the prime factors of a.
2, 37
Suppose 2224 = -8*d + 17328. List the prime factors of d.
2, 59
What are the prime factors of 7009 + -12*((-12)/(-8))/((-72)/(-16))?
3, 5, 467
Suppose 0*v = 21*v - 51144 + 6225. List the prime factors of v.
3, 23, 31
Let a = 16436 + -7751. List the prime factors of a.
3, 5, 193
Suppose n - 272 = 4*z, -2*z + 1088 = 4*n + 2*z. Let y = -146 + n. Let q = y - 76. List the prime factors of q.
2, 5
Let o(f) = 17*f**2 - 85*f + 449. List the prime factors of o(31).
3, 53, 89
Let f be 4/((-252)/(-249) - 1). Let x be (-11)/((-231)/448)*(-84)/(-8). Let n = f - x. List the prime factors of n.
2, 3
Let n be (-2 + 7/14)/(1/8). Let t(q) = -136*q - 237. List the prime factors of t(n).
3, 5, 31
Let d be (-15)/(-120) - ((-1185)/(-24))/(-5). Suppose 0 = -d*v + 5*v + 2*j + 5813, -v = -5*j - 1181. List the prime factors of v.
3, 43
List the prime factors of (-261)/(-6)*(-1)/(15/(-3530)).
29, 353
Suppose 0 = -m - 4*v + 1536, 5*m - 10*m - 2*v = -7770. Let g = -4 + m. List the prime factors of g.
2, 97
Let u(r) = -6*r**3 - 10*r**2 - 170*r - 235. What are the prime factors of u(-14)?
16649
Let w be 1 - -3 - (-203*5 - -1). Let i = -682 + w. What are the prime factors of i?
2, 3, 7
Suppose 2*y + 112 = 18*y. Suppose -5836 = -y*o + 3712. What are the prime factors of o?
2, 11, 31
Suppose 0 = -5*g, v - 8*g = -5*g + 391. Let w = v - 193. What are the prime factors of w?
2, 3, 11
Let t be (15/6)/((-15)/36). List the prime factors of (t - -5)/((-12845)/(-6425) - 2).
5, 257
Suppose 18*y - 13*y = 15. Suppose y*h = h - 10, h + 10 = c. Suppose -1235 = -c*s - 5*z, s + 4*z + z - 255 = 0. What are the prime factors of s?
5, 7
What are the prime factors of 25 + -35 - (4 - (12045 - -4))?
5, 29, 83
Let h = 10144 + -3205. What are the prime factors of h?
3, 257
Suppose 18*u + 5375 = g + 20*u, 8*g + u = 43105. What are the prime factors of g?
17, 317
Let c(i) be the third derivative of 30*i**2 + 85/24*i**4 + 0*i + 0 + 8/3*i**3. What are the prime factors of c(2)?
2, 3, 31
Let z = -135 - -268. Let p = -161 - -280. Suppose -4*i + z = -p. What are the prime factors of i?
3, 7
Let q(i) = 54*i - 237. Let b be q(27). Suppose -b = -2*m + 359. What are the prime factors of m?
2, 5, 79
Let p = 12650 + -773. List the prime factors of p.
3, 37, 107
Suppose 3071 + 968 = 3*m - 2*r, 5*m - 6730 = 5*r. Suppose -17*n + 4620 = -m. List the prime factors of n.
3, 13
Let t(n) = 47 - 131 - 51*n + 54 - 93 + 3*n. What are the prime factors of t(-11)?
3, 5
Suppose 29*b = 30*b + 1892. Let y = b - -3051. List the prime factors of y.
19, 61
Let t = -8058 + 10159. What are the prime factors of t?
11, 191
Let f = -4065 + 15111. What are the prime factors of f?
2, 3, 7, 263
Let t be (8 - (-475)/10)*34. Let b = 3151 - t. What are the prime factors of b?
2, 79
What are the prime factors of 1 - 13 - (-661984)/(22 + -6)?
2, 20681
Let j(k) = k**2 + 11*k + 27. Let f be j(-6). List the prime factors of (-4)/(784/262 + f + 0).
2, 131
Suppose 4*a - 6731 = 2*n - 54791, 4*n = 3*a + 96105. List the prime factors of n.
2, 3, 7, 11, 13
Suppose 4*j = z + 5, -4*z + 3*j + 1 - 8 = 0. What are the prime factors of (-466 - -2)*z*(20 - 19)?
2, 29
Let g = -74 - -78. Suppose -3*s = z - 722, g*s + 4*z - 795 = 157. List the prime factors of s.
2, 11
Suppose -20*i = -116 + 36. Suppose 0 = -c - c - 2. List the prime factors of (i/15*3)/(c/(-150)).
2, 3, 5
Suppose -2*g - 2 = 6. Let b(d) = 2*d**2 + 2*d + 19. Let l be b(g). Suppose 5*r - l = 47. List the prime factors of r.
2, 3
Let k = -695 + 7898. What are the prime factors of k?
3, 7
Let c be 665 - (3 + (-9)/3). Let w = 1132 - c. What are the prime factors of w?
467
Let n(x) = 34 + 6 + 19 + 31*x + 0*x. List the prime factors of n(14).
17, 29
Suppose -2*v - 85 + 95 = 0. Suppose -n - 71 = -4*t + 3, v*t = -2*n + 99. Suppose -t*o + 21*o - 38 = 0. List the prime factors of o.
19
Let o(z) = -2*z**2 + 26*z + 47. Let g be o(13). Suppose -3020 = g*f - 61159. What are the prime factors of f?
1237
Let a(x) = x**2 - 12*x - 40. Let y be a(15). Suppose 0 = -y*f + 8*f - 207. List the prime factors of f.
3, 23
Suppose -2*u - 115 = -3*a - 4*u, a - 42 = 3*u. Let q = 42 - a. Suppose w = -4, -5*w - 250 = -q*h - w. List the prime factors of h.
2, 3, 13
Suppose -40*q + 31012 = -275668. List the prime factors of q.
11, 17, 41
Suppose -3*s - 1529 = 6253 - 43095. List the prime factors of s.
79, 149
Suppose 3*j + 18 = -4*c, 4*c + 6 + 16 = -5*j. List the prime factors of c - ((-160 - -4) + -2).
5, 31
Let l = -132 - -648. List the prime factors of l.
2, 3, 43
Suppose 4*n - 4 - 12 = -2*r, 5*r - 22 = -4*n. Suppose 2*i - w - 1883 = 0, 11 - 1 = -r*w. What are the prime factors of i?
3, 313
Let i(p) = -p**3 + 12*p**2 - 13*p + 42. Let r be i(10). Let n = 116 - r. Suppose n*k = 622 + 102. List the prime factors of k.
181
Let r = 296 + 25. Suppose r = 4*z - 7. What are the prime factors of z?
2, 41
Suppose 0 = 28*s - 27*s - 1265. Let v = 1970 - s. List the prime factors of v.
3, 5, 47
Let a(g) = 292*g**2 + 879*g - 7108. What are the prime factors of a(8)?
2, 3, 11, 47
Let n be (-1 - 2) + -234 + 1. List the prime factors of (n/6)/((16/(-6))/4).
59
Let r = -50 - -20. Let v = -26 - r. Suppose -v*j + 0*j + 120 = 0. List the prime factors of j.
2, 3, 5
What are the prime factors of (-4)/16 + 14298/4*(-23)/(-6)?
2, 13, 17, 31
Let f(d) = 40*d**3 - 38*d**2 + 14*d - 21. What are the prime factors of f(7)?
5, 7, 11, 31
Let o be -5*((-3672)/10 + (-36)/45). Let u = o + -1178. What are the prime factors of u?
2, 331
Suppose -r + 127139 = 2*a, 129*a = 124*a + 5*r + 317870. List the prime factors of a.
151, 421
Let s(c) = -19*c - 22. Let y(a) = 9*a + 11. Let i(p) = -2*s(p) - 5*y(p). Let t be 6*25/(-10) - 3. List the prime factors of i(t).
5, 23
Suppose 2*h - y + 124 = -45, -2*y = -h - 77. Let n = -136 - h. Let s = n - -51. What are the prime factors of s?
2
Let s be (-6)/21 - (-28780)/(-14). What are the prime factors of 4/(-5) + s/(-20)?
2, 3, 17
Let t be 2 - (2/(-8) + 563/(-4)). Let d = t - 113. List the prime factors of d.
2, 3, 5
Let u(i) be the first derivative of 165*i**2/2 + 105*i + 67. What are the prime factors of u(6)?
3, 5, 73
Suppose 0*s 